tors of 33010.
2, 5, 3301
List the prime factors of 59724.
2, 3, 7, 79
What are the prime factors of 44100?
2, 3, 5, 7
List the prime factors of 6486.
2, 3, 23, 47
What are the prime factors of 7267?
13, 43
List the prime factors of 18650.
2, 5, 373
What are the prime factors of 3057?
3, 1019
List the prime factors of 7407.
3, 823
List the prime factors of 16342.
2, 8171
List the prime factors of 79445.
5, 15889
List the prime factors of 13666.
2, 6833
What are the prime factors of 32733?
3, 3637
What are the prime factors of 3470?
2, 5, 347
What are the prime factors of 11727?
3, 1303
List the prime factors of 3457.
3457
What are the prime factors of 2679?
3, 19, 47
List the prime factors of 2280.
2, 3, 5, 19
List the prime factors of 28111.
28111
List the prime factors of 3155.
5, 631
What are the prime factors of 27504?
2, 3, 191
List the prime factors of 44396.
2, 11, 1009
What are the prime factors of 56002?
2, 28001
What are the prime factors of 2843?
2843
What are the prime factors of 1005?
3, 5, 67
List the prime factors of 16010.
2, 5, 1601
What are the prime factors of 12709?
71, 179
What are the prime factors of 85?
5, 17
List the prime factors of 63181.
23, 41, 67
What are the prime factors of 89?
89
List the prime factors of 29074.
2, 14537
List the prime factors of 2559.
3, 853
What are the prime factors of 1231?
1231
List the prime factors of 20959.
20959
What are the prime factors of 25?
5
What are the prime factors of 94936?
2, 11867
List the prime factors of 73590.
2, 3, 5, 11, 223
What are the prime factors of 15486?
2, 3, 29, 89
List the prime factors of 742.
2, 7, 53
What are the prime factors of 2012?
2, 503
List the prime factors of 3692.
2, 13, 71
List the prime factors of 131957.
7, 2693
What are the prime factors of 75924?
2, 3, 19, 37
List the prime factors of 46720.
2, 5, 73
What are the prime factors of 1851?
3, 617
What are the prime factors of 4178?
2, 2089
List the prime factors of 3373.
3373
List the prime factors of 8045.
5, 1609
List the prime factors of 2717.
11, 13, 19
What are the prime factors of 3054?
2, 3, 509
List the prime factors of 12451.
12451
List the prime factors of 22579.
67, 337
What are the prime factors of 7022?
2, 3511
What are the prime factors of 4113?
3, 457
What are the prime factors of 1347?
3, 449
List the prime factors of 14193.
3, 19, 83
What are the prime factors of 2762?
2, 1381
List the prime factors of 30194.
2, 31, 487
List the prime factors of 28405.
5, 13, 19, 23
List the prime factors of 210.
2, 3, 5, 7
List the prime factors of 3322.
2, 11, 151
List the prime factors of 859.
859
List the prime factors of 45996.
2, 3, 3833
What are the prime factors of 55668?
2, 3, 4639
What are the prime factors of 2456?
2, 307
List the prime factors of 86.
2, 43
What are the prime factors of 8716?
2, 2179
List the prime factors of 35153.
35153
List the prime factors of 1090.
2, 5, 109
List the prime factors of 4665.
3, 5, 311
What are the prime factors of 2206?
2, 1103
List the prime factors of 855.
3, 5, 19
What are the prime factors of 107285?
5, 43, 499
List the prime factors of 3612.
2, 3, 7, 43
List the prime factors of 3351.
3, 1117
List the prime factors of 70750.
2, 5, 283
List the prime factors of 403.
13, 31
What are the prime factors of 664?
2, 83
What are the prime factors of 29729?
7, 31, 137
List the prime factors of 467.
467
List the prime factors of 1209.
3, 13, 31
List the prime factors of 144321.
3, 73, 659
List the prime factors of 82540.
2, 5, 4127
List the prime factors of 3319.
3319
What are the prime factors of 832?
2, 13
What are the prime factors of 6348?
2, 3, 23
List the prime factors of 10946.
2, 13, 421
What are the prime factors of 3548?
2, 887
List the prime factors of 55306.
2, 27653
What are the prime factors of 5810?
2, 5, 7, 83
What are the prime factors of 418?
2, 11, 19
List the prime factors of 36501.
3, 23
What are the prime factors of 8027?
23, 349
List the prime factors of 9071.
47, 193
List the prime factors of 59208.
2, 3, 2467
List the prime factors of 10655.
5, 2131
List the prime factors of 28031.
28031
What are the prime factors of 1815?
3, 5, 11
What are the prime factors of 22202?
2, 17, 653
What are the prime factors of 9828?
2, 3, 7, 13
What are the prime factors of 44254?
2, 7, 29, 109
What are the prime factors of 916?
2, 229
List the prime factors of 22387.
61, 367
What are the prime factors of 908?
2, 227
List the prime factors of 2388.
2, 3, 199
What are the prime factors of 171140?
2, 5, 43, 199
List the prime factors of 13369.
29, 461
What are the prime factors of 28143?
3, 53, 59
List the prime factors of 60054.
2, 3, 10009
List the prime factors of 4229.
4229
List the prime factors of 15075.
3, 5, 67
What are the prime factors of 776?
2, 97
What are the prime factors of 76901?
11, 6991
List the prime factors of 4210.
2, 5, 421
List the prime factors of 376.
2, 47
List the prime factors of 11604.
2, 3, 967
List the prime factors of 46.
2, 23
List the prime factors of 32854.
2, 16427
What are the prime factors of 23831?
23831
List the prime factors of 22555.
5, 13, 347
What are the prime factors of 54614?
2, 7, 47, 83
What are the prime factors of 94759?
7, 13537
List the prime factors of 9222.
2, 3, 29, 53
List the prime factors of 5982.
2, 3, 997
List the prime factors of 1713.
3, 571
What are the prime factors of 192?
2, 3
List the prime factors of 2470.
2, 5, 13, 19
List the prime factors of 614.
2, 307
List the prime factors of 14491.
43, 337
What are the prime factors of 1032?
2, 3, 43
What are the prime factors of 282?
2, 3, 47
What are the prime factors of 112058?
2, 43, 1303
List the prime factors of 8874.
2, 3, 17, 29
List the prime factors of 496.
2, 31
What are the prime factors of 15363?
3, 569
What are the prime factors of 150647?
7, 21521
What are the prime factors of 9044?
2, 7, 17, 19
What are the prime factors of 17689?
7, 19
List the prime factors of 2176.
2, 17
What are the prime factors of 352?
2, 11
List the prime factors of 306.
2, 3, 17
List the prime factors of 2154.
2, 3, 359
List the prime factors of 4623.
3, 23, 67
What are the prime factors of 1714?
2, 857
List the prime factors of 65.
5, 13
List the prime factors of 5481.
3, 7, 29
What are the prime factors of 4060?
2, 5, 7, 29
What are the prime factors of 1881?
3, 11, 19
List the prime factors of 35231.
7, 719
What are the prime factors of 4293?
3, 53
List the prime factors of 27651.
3, 13, 709
List the prime factors of 58855.
5, 79, 149
List the prime factors of 4647.
3, 1549
List the prime factors of 15796.
2, 11, 359
List the prime factors of 2970.
2, 3, 5, 11
List the prime factors of 36337.
7, 29, 179
List the prime factors of 204.
2, 3, 17
List the prime factors of 5760.
2, 3, 5
List the prime factors of 2696.
2, 337
What are the prime factors of 61121?
61121
List the prime factors of 6646.
2, 3323
List the prime factors of 27609.
3, 9203
List the prime factors of 5879.
5879
List the prime factors of 2488.
2, 311
List the prime factors of 3604.
2, 17, 53
What are the prime factors of 1631?
7, 233
What are the prime factors of 22929?
3, 7643
What are the prime factors of 2347?
2347
What are the prime factors of 187792?
2, 11, 97
List the prime factors of 10796.
2, 2699
What are the prime factors of 18674?
2, 9337
List the prime factors of 114163.
7, 47, 347
What are the prime factors of 9887?
9887
List the prime factors of 4550.
2, 5, 7, 13
List the prime factors of 101314.
2, 179, 283
What are the prime factors of 3016?
2, 13, 29
List the prime factors of 591.
3, 197
What are the prime factors of 7824?
2, 3, 163
List the prime factors of 10908.
2, 3, 101
List the prime factors of 306.
2, 3, 17
What are the prime factors of 25354?
2, 7, 1811
What are the prime factors of 358?
2, 179
List the prime factors of 1678.
2, 839
List the prime factors of 67364.
2, 11, 1531
What are the prime factors of 480?
2, 3, 5
What are the prime factors of 797?
797
What are the prime factors of 2136?
2, 3, 89
List the prime factors of 401.
401
List the prime factors of 13737.
3, 19, 241
What are the prime factors of 2214?
2, 3, 41
List the prime factors of 1510.
2, 5, 151
What are the prime factors of 87232?
2, 29, 47
List the prime factors of 854.
2, 7, 61
Lis